 = 2*t. Suppose 0 = -s - 2*k + 2, t = -5*s + 2*k + 2*k + 80. Calculate the highest common divisor of 36 and s.
12
Suppose 8*t - 6*t = m + 59, -3*m - 90 = -3*t. Calculate the greatest common factor of 29 and t.
29
Suppose m + 0*m = 42. Suppose 0 = -4*j + 20, -3*j = 2*a - 13 - 4. Let h be (7 - a)*(-28)/(-6). Calculate the greatest common factor of h and m.
14
Let a = 0 + 2. Suppose 2*w - 2 = 0, -4*k = a*w + w - 171. Let j(d) = 2*d**2 - 8*d - 3. Let g be j(6). Calculate the highest common factor of k and g.
21
Let h be 177/(-1) + 3 + -6. Let u = -114 - h. Let x = 29 + 15. What is the greatest common divisor of x and u?
22
Let t(c) be the second derivative of -c**4/12 + 7*c**3/6 - c**2 + 6*c. Let y be t(6). Calculate the highest common divisor of 20 and y.
4
Let u = -5 - -8. Suppose 2*a + 7 = u. Let l be a*(-3 + 1)/4. Calculate the highest common factor of 11 and l.
1
Suppose 4*b - 3*z - 8 = 0, -5*b + 4*b + 2 = 2*z. Suppose 3*k - 212 = -k. Let g be -1 - (b + 0 - k). Calculate the greatest common divisor of 10 and g.
10
Suppose 5*r + 3*h - 14 = 46, 0 = -h - 5. Suppose 0 = -0*a + 5*a - r. What is the highest common divisor of a and 2?
1
Suppose -23 = -4*f + 41. Calculate the highest common factor of 128 and f.
16
Let z = 37 + -11. Calculate the greatest common divisor of 52 and z.
26
Suppose -2*n + 3*n - 16 = 0. Suppose -4*v = 0, -3*u + 5*v + 2 = -13. Suppose -u*r - 2 + 22 = 0. What is the highest common factor of r and n?
4
Suppose -2 = 5*v + k, -2*v + 2*k = 3*v - 4. Let i = v + 1. Let l be (144/30)/(i/15). What is the greatest common divisor of l and 8?
8
Let i(k) = 3*k**2 - k + 1. Let x be i(1). What is the highest common divisor of x and 21?
3
Let t be 224/35 + (-2)/5. What is the highest common divisor of t and 66?
6
Suppose -4*g - 60 - 272 = -3*r, -3*r + 335 = -g. Calculate the highest common divisor of 16 and r.
16
Let n = 14 - 1. What is the greatest common divisor of n and 39?
13
Let s(j) = j**2 - 5*j - 1. Let g be s(6). Suppose 2 = -4*y - 5*n, -4*y + 11 = -4*n - g. Calculate the highest common divisor of y and 1.
1
Let b be 8/6*(-3)/2. Let i(w) = -2*w - 1. Let f be i(b). Suppose f*o - 4*y = -2*y + 30, 33 = 2*o + 3*y. Calculate the greatest common divisor of 108 and o.
12
Suppose p + 3*p = 16. Suppose m = -p*m + 360. Calculate the greatest common factor of m and 8.
8
Suppose -5*o + 15 = 0, 3*o + 13 = 5*p - o. Suppose 0 = p*w - 4*w - 49. Calculate the highest common factor of w and 7.
7
Let l = -4 + 15. Let d(y) = -y**2 + 11*y + 6. Let i be d(l). What is the greatest common divisor of 18 and i?
6
Let d(p) = 2*p**2 - 3*p + 2. Let a be d(2). Suppose a*o + 2 = 6. Let m be (o + (-4)/2)*-2. What is the highest common factor of m and 8?
2
Let g(f) = -23*f**3 - 10*f - 12*f**3 + 9*f - 2*f**2. Let u be g(-1). What is the highest common factor of 170 and u?
34
Let d be (2 + (-8)/5)*25. What is the highest common divisor of d and 80?
10
Let k be -1*1 + 27/9. Let y be k + 3 + -2 + 14. Calculate the greatest common factor of y and 17.
17
Suppose -3*j - 2*b + 5 + 10 = 0, 3*j + 5*b = 24. Suppose 0*m - 2 = -5*g - 2*m, 4*g + m = 4. What is the highest common factor of g and j?
1
Let b be (44/(-33))/(2/15). Let m be (-1264)/b + (-10)/25. What is the greatest common divisor of m and 14?
14
Let i = 8 - 1. Let k be (-14)/i + 26/1. Let u be (-112)/(-20) - (-2)/5. Calculate the highest common factor of u and k.
6
Suppose -6*d + d = 5*s + 30, -5*d = 0. Let l(m) = 14*m - 4. Let u be l(s). Let v = 133 + u. Calculate the highest common divisor of v and 5.
5
Let h be 63/(-45) + 6/(-10). Let s be 16/h*55/(-22). Let g(n) = n**3 + 7*n**2 + 3*n - 8. Let z be g(-6). Calculate the greatest common divisor of s and z.
10
Let w = -23 + 102. Let c = -34 + w. Calculate the greatest common divisor of 30 and c.
15
Suppose 2*t + 0*t - 14 = 0. Suppose -113 = -3*z - o - 33, -2*z + 5*o + 76 = 0. Calculate the highest common divisor of t and z.
7
Let s = -96 - -221. What is the greatest common divisor of s and 25?
25
Let j(t) = -64*t. Let z be j(-1). Suppose 3*m - z = -m. Let g be (m/(-3))/(2/(-30)). Calculate the greatest common divisor of g and 16.
16
Let s be 37/4 - 2/8. What is the highest common factor of 63 and s?
9
Let y(n) = -n - 4. Let u be y(-6). Suppose 2*o + 0*o + 24 = u*i, -4*i + 76 = 3*o. Calculate the greatest common factor of 48 and i.
16
Suppose -1 - 7 = -2*z. Let o be 55/z + (-1)/(-4). Let b be (-2)/((-2)/1)*21. Calculate the highest common factor of o and b.
7
Suppose -5*f - 25 = 0, -5*n + 230 = -4*f + 3*f. Calculate the highest common divisor of n and 18.
9
Let p = -1 - -11. Suppose p = 2*n - 26. Calculate the greatest common divisor of 6 and n.
6
Let u be 85/3 + -1 + (-4)/(-6). What is the highest common divisor of u and 14?
14
Let v be 98/8 - (-1)/(-4). Let y = 199 - 75. Suppose 3*c + 126 = 2*u, 2*c = u + u - y. Calculate the greatest common divisor of u and v.
12
Suppose v = 5*u + 55, 2*v + 4*u - 170 = 2*u. What is the highest common factor of v and 120?
40
Suppose -4*k - 5*d + 5 = 0, d = -2*k + 1 + 6. Calculate the greatest common factor of k and 50.
5
Let q = 23 - 7. Let a be (-60)/(-6) - (1 + 1). Calculate the highest common divisor of a and q.
8
Let k(a) = a - 4. Let q be k(5). Suppose 0 - 3 = -i. Suppose i*g = 8*g - 5. Calculate the highest common divisor of q and g.
1
Let d = -194 - -135. Let g = -1 + d. Let y = -30 - g. What is the greatest common divisor of y and 12?
6
Let p(q) = -6*q + 5. Let z be p(5). Let g(r) = -r**3 + r**2 + 3*r - 3. Let d be g(4). Let w = z - d. Calculate the highest common divisor of w and 126.
14
Suppose -2*y - 16 + 196 = 0. Let p = 403 - 394. What is the highest common factor of y and p?
9
Let q(v) = 3*v**2 + 3*v**2 - 1 + 0*v**2. Let x be q(3). Suppose -5*o - 4*t - x = -252, -t = -3*o + 116. What is the highest common factor of 13 and o?
13
Let u(i) = -6*i - 9. Let a be u(-7). Let c = 22 + -11. What is the highest common factor of c and a?
11
Let w(k) = -k**2 - 8*k - 4. Let r be w(-3). What is the greatest common factor of 121 and r?
11
Let p(o) = 6*o**2 + o - 1. Let a be (1 + (-3)/6)*2. Let m be p(a). Let f be (-2)/6 + 68/m. What is the greatest common factor of f and 77?
11
Suppose -2*b + 31 + 509 = 5*c, -4*c - 2*b + 430 = 0. Suppose 2*n - 32 = 12. Calculate the greatest common divisor of n and c.
22
Suppose 4*h = h + 135. Let l be (-86)/(-6) + 4/6. Calculate the greatest common factor of l and h.
15
Suppose -4*m - 1374 = -5*f, -5*f + 1386 = -0*f - m. Suppose 338 = 4*k - z, f = 5*k - 5*z - 152. What is the greatest common divisor of 56 and k?
28
Let d(a) = -2*a + 4. Let z be d(-3). Let f = 47 - 86. Let t = f - -79. Calculate the greatest common divisor of z and t.
10
Suppose 0 = -4*z + 1 - 5. Let p be z*(-12)/3*2. Calculate the highest common factor of p and 72.
8
Let h be (-4)/(4/(-3)) + 17 + -1. What is the highest common factor of 209 and h?
19
Let i(t) = -t**3 + 8*t**2 - 2*t - 5. Let k be i(8). Let g = -91 - k. Let r be -8*(g/8 + 0). Calculate the greatest common factor of r and 14.
14
Let q(z) = -2*z**2 + 6*z + 4. Let t be q(3). Let c(s) = -37*s. Let k be c(1). Let w be (-1 - k)/(3 + -2). What is the highest common factor of w and t?
4
Let d be -2 - -18 - 4/2. Calculate the greatest common divisor of 56 and d.
14
Let x = -34 + 37. Calculate the highest common factor of x and 27.
3
Let c be (-1)/4 + 278/(-8). Let n = c + 81. Suppose -b - b = -n. What is the greatest common divisor of 46 and b?
23
Suppose -r - 2*r = -2*g, 0 = 4*g - 2*r - 8. Calculate the greatest common divisor of g and 3.
3
Let h be ((-42)/(-12))/((-2)/44). Let m be h/(-5) + 8/(-20). Let v = -9 + m. What is the greatest common factor of v and 30?
6
Let o(j) = -j - 1. Let h be o(-2). Let m be 26/h - (-1 + 3). Let l(d) = d**3 - 2*d**2 - 4*d. Let q be l(4). What is the greatest common divisor of q and m?
8
Let y(h) = -h**2 - 9*h - 10. Let o be y(-7). Let g be 575/o - 3/(-12). What is the highest common divisor of 18 and g?
18
Let a be (-2)/6 - (-145)/3. Suppose 0*f = 4*f - 24. Calculate the highest common divisor of a and f.
6
Let z(c) = c**3 - 7*c**2 + 4*c + 8. Let o be z(7). Suppose 0*i - 2*i = -o. Calculate the greatest common divisor of i and 45.
9
Let p(r) = 4*r**2 + 27*r - 10. Let t be p(-10). What is the greatest common factor of t and 12?
12
Suppos